4 - (-2)/24. Suppose -4*k + 50 + 110 = 0. Calculate the highest common divisor of d and k.
8
Let w(x) = 10*x**3 - 3*x**2 + 2*x + 1. Let m be w(2). Let i = m + -35. Suppose 151 = 3*h - i. What is the greatest common divisor of 9 and h?
9
Let l = -608 + 687. What is the highest common factor of 2844 and l?
79
Let t be ((-13)/(-5))/((-5)/125*-5). Suppose 0 = 4*s - 5*u - 18, -5*u - 3 = -t. Calculate the highest common factor of 1 and s.
1
Let y be (-9*8/12)/(-1). Let a be (-6)/(-2)*(-28)/y. Let o = -12 - a. What is the highest common divisor of 3 and o?
1
Let r(m) = -1058*m - 3111. Let j be r(-3). Let b(l) = 6*l**3 + l**2 + l - 1. Let s be b(1). What is the highest common divisor of j and s?
7
Let v = -26 - 17. Suppose 3*h - 8 = 5*h. Let w = h - v. Calculate the greatest common factor of w and 26.
13
Suppose 4*w - 23 = -2*u - u, -w = 3*u - 8. Suppose 4*z = 155 + w. Calculate the highest common factor of 24 and z.
8
Let h be (-2412)/(-20) + 2/(-15)*-3. What is the highest common divisor of h and 22?
11
Let h be (353/(-4) - 1/(-4)) + 3. Let i = -40 - h. What is the greatest common divisor of 18 and i?
9
Let l be (-5434)/(-33)*3/2. Suppose 0 = -7*x + 89 + l. What is the highest common factor of 120 and x?
24
Let s be 32/(-2)*(-173 + 49). Calculate the greatest common factor of s and 64.
64
Suppose -109 - 71 = -2*m. Let h = m - 70. What is the greatest common divisor of h and 140?
20
Let r(q) = 9*q + 9 - q**2 - 4 + 1. Let c be r(7). Suppose 0 = 3*a - 5*y - 15, c = 5*a + 2*y - 36. What is the greatest common factor of 70 and a?
10
Let x be 14 - ((-6)/45 - 22/(-165)). What is the greatest common divisor of 742 and x?
14
Let r be 1*(-3 + 8 - -4). Let l(k) = -k**3 + 11*k**2 - 5*k - 12. Let q be l(r). What is the highest common factor of q and 15?
15
Let d = 3102 + -3005. What is the greatest common divisor of d and 1358?
97
Let p(t) = t**2 + t + 38. Let y be p(0). Let w = -528 + 642. What is the greatest common divisor of y and w?
38
Let h(a) = 2*a**2 - 19. Let w be h(4). What is the greatest common divisor of w and 130?
13
Suppose 0 = -2*a + 161 - 45. Suppose 3*p - 42 = 3*y + 6, 0 = 4*p - 2*y - a. Calculate the greatest common factor of 234 and p.
13
Suppose -2*x + 2*l = -1116, 0 = -x + 2*l - 0*l + 558. What is the greatest common factor of 30 and x?
6
Let v(q) = -q**3 + 5*q**2 + 4*q - 14. Let g be v(5). Let k be (-18)/(-5)*(g/(-9) - -4). Calculate the greatest common divisor of 12 and k.
12
Suppose 2*k + t = 5*k - 347, 0 = k + 5*t - 89. Suppose n = 122 - k. What is the greatest common factor of n and 72?
8
Let d be 2*35/28 + (-3)/(-2). What is the highest common divisor of 1 and d?
1
Suppose 0 = 3*g + 2*o - 9, 0 = 4*g + 3*o - 12 + 1. Suppose 5*x - 1650 = -g*x. Calculate the highest common factor of 15 and x.
15
Let t(i) = 3*i**2 + 11*i - 1. Let g(s) = -s**3 + 5*s**2 - 2*s. Let w be g(5). Let k be t(w). Let v = 73 - 52. What is the greatest common factor of v and k?
21
Suppose z + 5*b - 18 = 6, 5*z + 4*b = 120. Calculate the highest common divisor of z and 276.
12
Let r be ((-57)/9)/(1/(-3)). Suppose -5*u = -3*w - 0*u + r, -64 = -4*w - 3*u. Let m = w + -10. What is the highest common divisor of 27 and m?
3
Let t = -88 - -89. What is the highest common divisor of t and 8?
1
Suppose -960 = -19*o + 4*o. Let y be 0 - (2/(-1) - -2). Let f be (-158)/(-1) - (y + -2). Calculate the greatest common divisor of f and o.
32
Suppose -138 + 978 = 12*r. Calculate the greatest common factor of 20 and r.
10
Let q = 76 + -71. Suppose -q*k = -o - 3 + 18, -3*o = -3*k - 33. Calculate the highest common factor of o and 30.
10
Let j be ((-23)/(-46))/(-4 + 105/26). Calculate the greatest common divisor of j and 9.
1
Let h be 138 - (20 + (-1 - 10)). Calculate the greatest common divisor of 43 and h.
43
Let x(t) = 3*t**2 - 8*t - 3. Let w be x(-6). Let o(h) = h**2 + 2*h + 17. Let q be o(0). Calculate the highest common factor of q and w.
17
Suppose 4*a - 106 = -2*m + 5*a, 2*m = 4*a + 100. Let x be (-1)/5 + (-2)/(-10). Suppose 2*k - 47 - 7 = x. Calculate the highest common factor of k and m.
27
Suppose 193 - 58 = 3*g. Suppose 11*r + 12 = g. Calculate the highest common factor of 3 and r.
3
Suppose 0 = 8*j + j - 243. Suppose n + j = 77. What is the greatest common divisor of n and 75?
25
Suppose 0 = 3*j + j - 8. Let z be 10/(j/(27 + -3)). Suppose 0 = 5*u - z - 230. Calculate the greatest common factor of u and 28.
14
Suppose 16 = 6*m - 7*m - 2*o, -m - 4*o = 26. Let c(u) = -u**3 - 5*u**2 - 5*u. Let b be c(m). What is the greatest common divisor of b and 6?
6
Let i = 31 - 29. Let q be (-34 - -10)*i/(-3). Let h = -42 + 66. Calculate the highest common divisor of h and q.
8
Suppose 3*v + p = 31, -2*v - 10*p + 15*p - 2 = 0. What is the greatest common divisor of v and 225?
9
Let u(t) = -64*t + 1. Let n be u(-1). Let a = 100 + -87. Calculate the greatest common factor of a and n.
13
Let p = 169 - 158. Calculate the greatest common divisor of 1364 and p.
11
Let o be (3/2)/((-3)/(-10)). Suppose 314 + 126 = o*v. Calculate the greatest common divisor of v and 8.
8
Let r be (-23 - -23) + 8*3. Suppose 0 = w + s - 5, 16 = 2*w + s + 4*s. Suppose k = 5*q - 17, -k - w*k = -3*q. What is the highest common divisor of k and r?
3
Let a(j) = j**3 - 5*j**2 - 2*j + 10. Let o be a(5). Suppose 8*b - 11*b + 57 = o. What is the greatest common factor of b and 190?
19
Let b be (-2 + 4 - 2)/(-3). Suppose -5 = -c - b. Suppose 2*o + 2*o - 20 = 0. What is the greatest common divisor of c and o?
5
Let p(i) = -137*i. Let c be p(1). Let j = 211 + c. Calculate the greatest common factor of 185 and j.
37
Let q(l) = -12*l - 21*l - 4*l - 5. Let r be q(-6). Calculate the highest common factor of 31 and r.
31
Suppose 0 = 514*k - 520*k + 192. Calculate the highest common divisor of k and 12.
4
Let c be 4/12*9 - 8. Let d be (53 - -4 - c) + (2 - 0). Calculate the greatest common factor of 48 and d.
16
Suppose l - 4*d - 118 = -2*l, l - 3*d - 41 = 0. Suppose -4*k - l - 198 = 0. Let p = k - -83. Calculate the greatest common factor of p and 12.
12
Let l(h) = 12*h**2 - 248*h - 8. Let r be l(21). What is the highest common divisor of r and 133?
19
Let s = 822 + -562. Calculate the highest common factor of 2210 and s.
130
Let u(j) = 2*j**3 + 19*j**2 + 7*j - 2. Let t be u(-9). What is the highest common factor of 20 and t?
4
Let a be 1 - (61/1 + 1). Let n = -43 - a. What is the greatest common divisor of n and 162?
18
Suppose 4*f + 2*r = f + 2164, 2*r = -5*f + 3604. Let d be ((f/28)/2)/(1/7). What is the highest common factor of 36 and d?
18
Suppose 157 = 4*l - t - 31, 5*l - 2*t = 232. Calculate the greatest common factor of l and 696.
24
Suppose 7*c = 4*c + 5*h + 60, -2*h = 7*c - 181. What is the highest common divisor of 775 and c?
25
Let x be (2/(-3))/(9/(-189)). Let j be 7*((-72)/x)/(-3). Suppose -5*i = 5*p - 70, -3*i + i + 2*p = -20. Calculate the highest common factor of j and i.
12
Suppose 13*y = 275 + 1597. Calculate the greatest common factor of 18 and y.
18
Let h be 0 + (-1 - -8 - -98). What is the highest common factor of 15 and h?
15
Let a(w) = 17*w + 55. Let c be a(12). What is the greatest common divisor of 37 and c?
37
Let o be 14 + ((-16)/(-28))/((-2)/(-7)). Calculate the greatest common divisor of 248 and o.
8
Suppose 3*z - 258 = 8*k - 12*k, 2*z = -k + 172. What is the highest common divisor of z and 129?
43
Suppose -99 = -25*f + 16*f. Calculate the highest common factor of f and 517.
11
Let k be (-40)/(-7) + 5/(455/26). Suppose -3*c + 14 + 4 = 0. Calculate the greatest common divisor of k and c.
6
Suppose -n = 4*n - 1685. Let v = n - 1. Calculate the highest common divisor of 21 and v.
21
Let u(h) = h**3 + 16*h**2 + 27*h + 7. Let f be u(-12). What is the highest common divisor of 111 and f?
37
Let o be ((-6)/12*20)/(3/(-33)). What is the greatest common factor of o and 20?
10
Let q = 27 + 5. Suppose -13*j - q + 123 = 0. What is the highest common divisor of j and 91?
7
Let w(l) = -l**3 + 26*l**2 - 11*l - 83. Let g be w(16). Calculate the highest common factor of 39 and g.
39
Let k = 92 + -90. Suppose 44 = k*d - 268. Calculate the highest common factor of d and 12.
12
Suppose 4*v - 30 = 2. Suppose -3*x - 13 = -4*r, 0 = -2*x - 10*r + 5*r - 24. Let t be ((-21)/(-2))/x*-48. What is the highest common factor of v a